2020110
In base 2, what is -1001101111011100 + 100?
-1001101111011000
In base 16, what is 2b162 + 2?
2b164
In base 9, what is -124787 - 3?
-124801
In base 8, what is 31 - -25100?
25131
In base 11, what is -5358 - -77?
-5291
In base 4, what is 1310 - 122313?
-121003
In base 12, what is -43 - 2157?
-219a
In base 3, what is -112 + 212120?
212001
In base 5, what is 1403431 - 120?
1403311
In base 3, what is -121210 - 202101?
-1101011
In base 4, what is 2121332110 - 11?
2121332033
In base 7, what is 66 - 10041?
-6642
In base 11, what is 349 + -51?
2a8
In base 12, what is -15b24 + 1?
-15b23
In base 2, what is -11101110110 + 1?
-11101110101
In base 4, what is 22032020 - -1002?
22033022
In base 16, what is 1ae6c + a?
1ae76
In base 5, what is 134 + -3221?
-3032
In base 7, what is 206 - 604?
-365
In base 10, what is 181 + 577?
758
In base 16, what is 775e + 6?
7764
In base 6, what is 4041402 - -1?
4041403
In base 14, what is 108 - -d18?
1022
In base 15, what is -1ec123 + 3?
-1ec120
In base 13, what is -6b3012 + -2?
-6b3014
In base 15, what is -18c570 - -4?
-18c56b
In base 5, what is -34113 - 120?
-34233
In base 2, what is 1000110111100001 + -11?
1000110111011110
In base 10, what is -1198969 - 4?
-1198973
In base 11, what is -8 + -64267?
-64274
In base 7, what is -13 + -1340013?
-1340026
In base 11, what is -3 + -109a4?
-109a7
In base 7, what is -2531 + -6213?
-12044
In base 7, what is -4 - -613134?
613130
In base 15, what is e - -71bc?
71cb
In base 15, what is 5 + aca56?
aca5b
In base 5, what is -1100 + -1303144?
-1304244
In base 15, what is b64 + a?
b6e
In base 10, what is 317 + 41?
358
In base 8, what is 331 + -6504?
-6153
In base 14, what is 290 - -7d4?
a84
In base 12, what is -4 - -57137?
57133
In base 13, what is -c76b4 - -6?
-c76ab
In base 8, what is -50362 - -4?
-50356
In base 14, what is -2 + -264945?
-264947
In base 14, what is -5290 - b?
-529b
In base 9, what is -42 + 25528?
25476
In base 11, what is -a21 - 35?
-a56
In base 15, what is -2 + 1d8be?
1d8bc
In base 15, what is -3 + 1835?
1832
In base 16, what is 12ef + b?
12fa
In base 9, what is 381 - -3?
384
In base 9, what is 35851 + -4?
35846
In base 3, what is -12210 + -200?
-20110
In base 10, what is -48395 + 35?
-48360
In base 7, what is -13 - -1643052?
1643036
In base 8, what is 17513 - -326?
20041
In base 9, what is 145 + -342?
-186
In base 13, what is 96 - -2b5?
37b
In base 12, what is b5302 + -2?
b5300
In base 13, what is 0 + a689?
a689
In base 11, what is -7278 - 3?
-7280
In base 12, what is 33 - -20?
53
In base 9, what is 147086 + 5?
147102
In base 14, what is -6 + -2abc?
-2ac4
In base 12, what is 47043 + 5?
47048
In base 9, what is -4 - 25303?
-25307
In base 8, what is 55 - 415?
-340
In base 4, what is 2001220 + -113?
2001101
In base 5, what is 3023433 - 11?
3023422
In base 12, what is -26b + -4092?
-4341
In base 5, what is 3134 + -221?
2413
In base 11, what is 40 - -15884?
15914
In base 16, what is -5 - bf1a?
-bf1f
In base 11, what is 11 + 982a2?
98303
In base 2, what is -101111100010000 - -101?
-101111100001011
In base 3, what is -1002212101 - -1?
-1002212100
In base 16, what is -b57 - 62?
-bb9
In base 3, what is -21102222 - 11122?
-21121121
In base 11, what is -844320 + 0?
-844320
In base 8, what is 4 + 341464?
341470
In base 3, what is -11011022 - -1000?
-11010022
In base 12, what is 4a - -731?
77b
In base 14, what is 174 + -362?
-1cc
In base 16, what is -119 + -4b?
-164
In base 3, what is -120 + 1011210?
1011020
In base 3, what is 1 - -121200210112?
121200210120
In base 14, what is -5d40d - 3?
-5d412
In base 2, what is 10 + 1010100110001?
1010100110011
In base 16, what is -c8 + 824?
75c
In base 2, what is 10100 - 1001101111111111?
-1001101111101011
In base 14, what is 14 + 1bcc?
1c02
In base 2, what is 0 + 110101001001101?
110101001001101
In base 14, what is -2 + 7?
5
In base 14, what is -72 + db?
69
In base 6, what is 3 + -40425151?
-40425144
In base 16, what is -5 - -866db?
866d6
In base 14, what is -31 - -8a12?
89c1
In base 16, what is 0 + -49c7c?
-49c7c
In base 11, what is -30344 + -20?
-30364
In base 3, what is -2 + -1021211122122?
-1021211122201
In base 2, what is 1001001 + 11101011?
100110100
In base 2, what is 10100100 + -1110010010111?
-1101111110011
In base 12, what is -3 - -4096?
4093
In base 16, what is -1 - -40458?
40457
In base 16, what is 8a66 + 2?
8a68
In base 4, what is -30312 + 331022?
300110
In base 6, what is 104252 - 25?
104223
In base 11, what is 0 + 132765?
132765
In base 6, what is -23035212 + 4?
-23035204
In base 10, what is 0 + 5013?
5013
In base 8, what is 376506 + -4?
376502
In base 3, what is -120101210 - 222?
-120102202
In base 16, what is -1 - d61ba?
-d61bb
In base 12, what is 1117ba - 0?
1117ba
In base 8, what is -140057 - -20?
-140037
In base 12, what is -898b + 23?
-8968
In base 16, what is -fc - -9bb?
8bf
In base 5, what is -40 + 142111?
142021
In base 16, what is 2 + -5be7?
-5be5
In base 14, what is -294 + 38?
-25a
In base 13, what is -2aa + -6?
-2b3
In base 11, what is 1aaa7 - 10?
1aa97
In base 14, what is -23d2b - 5?
-23d32
In base 7, what is -3064250 - 4?
-3064254
In base 16, what is 6df - 4?
6db
In base 4, what is 230 - -32023?
32313
In base 4, what is -1103 + 10223?
3120
In base 13, what is 6 + a14?
a1a
In base 11, what is -4 + -5657?
-5660
In base 3, what is -212012 - 122?
-212211
In base 11, what is 1079 - 2?
1077
In base 14, what is -67 - 2101?
-2168
In base 10, what is 1 + -8996?
-8995
In base 12, what is -35a66b - -5?
-35a666
In base 2, what is 1101111111100111 + -11?
1101111111100100
In base 13, what is 65106 - -3?
65109
In base 8, what is -1051 + 275?
-554
In base 9, what is 2 - 83740?
-83737
In base 16, what is 17473 + 16?
17489
In base 2, what is -100 + -1110000011011?
-1110000011111
In base 12, what is 224456 - 2?
224454
In base 5, what is 21344 - 113?
21231
In base 8, what is 360 - 170?
170
In base 14, what is -135 + -74?
-1a9
In base 3, what is -120 + 1112210?
1112020
In base 16, what is 1 - -d71?
d72
In base 7, what is 132111 + -1?
132110
In base 16, what is 173 + 1b1?
324
In base 8, what is -114 - -22462?
22346
In base 3, what is 21120221120 - -11?
21120221201
In base 2, what is 11000101101 + -10101?
11000011000
In base 3, what is -222220 + -1220?
-1001210
In base 16, what is f - 253d?
-252e
In base 8, what is 5 + -162613?
-162606
In base 10, what is -2 - -81?
79
In base 4, what is -11031122 - 330?
-11032112
In base 2, what is 101 + 1000111001000110100?
1000111001000111001
In base 14, what is -78b80 + -5?
-78b85
In base 11, what is -218a417 + 3?
-218a414
In base 12, what is -2 - -13075?
13073
In base 8, what is 5376 + 313?
5711
In base 4, what is 1122032011 - 3?
1122032002
In base 14, what is -3 + -116c7?
-116ca
In base 15, what is -23852 - 0?
-23852
In base 8, what is 37 - -317?
356
In base 7, what is -131040 + 50?
-130660
In base 2, what is -1010101 - -100011011?
11000110
In base 11, what is -3 + 183555?
183552
In base 5, what is 2101243 + -10?
2101233
In base 5, what is 3243113 + -1101?
3242012
In base 15, what is -16e6 + -a?
-1701
In base 2, what is -111100011 - 10110010?
-1010010101
In base 15, what is 2c5ddd - -4?
2c5de2
In base 7, what is 132544 + -2?
132542
In base 11, what is 4573 - -121?
4694
In base 9, what is 11125 - -254?
11380
In base 8, what is -1110256 - -7?
-1110247
In base 15, what is -3 + 1710e?
1710b
In base 16, what is b3b + -7?
b34
In base 5, what is 21204 - 3221?
12433
In base 7, what is 31563 + 3?
31566
In base 13, what is 11 - 4605?
-45c4
In base 13, what is c8 - -17a?
275
In base 16, what is 2 - -da9?
dab
In base 9, what is -6585 - -3?
-6582
In base 4, what is 223101 + 123?
223230
In base 11, what is -103 + -349?
-451
In base 14, what is -1d3db + 2?
-1d3d9
In base 10, what is 13762 + 30?
13792
In base 15, what is -2a + -361?
-38b
In base 14, what is -21 - -92c?
90b
In base 8, what is -1 - 27027?
-27030
In base 15, what is -18e1 - -29?
-18b7
In base 12, what is -23 - -941?
91a
In base 16, what is -1 - -15c6?
15c5
In base 7, what is -2 + -21136?
-21141
In base 10, what is 10 + 310387?
310397
In base 10, what is 98920 + -2?
98918
In base 5, what is -32302 - 2?
-32304
In base 2, what is 10000 + -10011010101?
-10011000101
In base 6, what is -1041 - -31?
-1010
In base 3, what is 1202210 + 202?
1210112
